{"id":85,"date":"2016-10-29T09:00:54","date_gmt":"2016-10-29T09:00:54","guid":{"rendered":"http:\/\/www.stadtkapelle-oettingen.de\/?page_id=85"},"modified":"2024-07-17T22:57:14","modified_gmt":"2024-07-17T20:57:14","slug":"blockfloetenunterricht","status":"publish","type":"page","link":"https:\/\/www.stadtkapelle-oettingen.de\/?page_id=85","title":{"rendered":"Blockfl\u00f6tenunterricht (ab ca. 6 Jahre)"},"content":{"rendered":"<table>\n<tbody>\n<tr>\n<td><strong>Einstiegsalter?<br \/>\n<\/strong><\/td>\n<td>\n<ul>\n<li>ca. 6 Jahre; bzw. nach der Fr\u00fcherziehung<\/li>\n<\/ul>\n<\/td>\n<\/tr>\n<tr>\n<td><strong>Dauer der Ausbildung?<\/strong><\/td>\n<td>\n<ul>\n<li>2 Jahre<br \/>\n1. Jahr: Einzelunterricht auf der Blockfl\u00f6te<br \/>\n2. Jahr: Spiel in einem Fl\u00f6tenensemble mit 3-4 Kindern<\/li>\n<\/ul>\n<\/td>\n<\/tr>\n<tr>\n<td><strong>Ziel der Ausbildung?<br \/>\n<\/strong><\/td>\n<td>\n<ul>\n<li>Ein- und Weiterf\u00fchrung des Notenlernens und Einf\u00fchrung in das melodi\u00f6se Spielen<\/li>\n<\/ul>\n<\/td>\n<\/tr>\n<tr>\n<td><strong>Unterrichtsgeb\u00fchr<br \/>\n<\/strong><\/td>\n<td>\n<ul>\n<li>Monatlich 28,- \u20ac<\/li>\n<\/ul>\n<\/td>\n<\/tr>\n<tr>\n<td><strong>Weitere Informationen?<br \/>\n<\/strong><\/td>\n<td>\n<ul>\n<li><a href=\"http:\/\/www.stadtkapelle-oettingen.de\/?page_id=21\">Kontaktformular<\/a> oder Florian Schachner<\/li>\n<\/ul>\n<\/td>\n<\/tr>\n<\/tbody>\n<\/table>\n","protected":false},"excerpt":{"rendered":"<p>Einstiegsalter? ca. 6 Jahre; bzw. nach der Fr\u00fcherziehung Dauer der Ausbildung? 2 Jahre 1. Jahr: Einzelunterricht auf der Blockfl\u00f6te 2. Jahr: Spiel in einem Fl\u00f6tenensemble mit 3-4 Kindern Ziel der Ausbildung? Ein- und Weiterf\u00fchrung des Notenlernens und Einf\u00fchrung in das melodi\u00f6se Spielen Unterrichtsgeb\u00fchr Monatlich 28,- \u20ac Weitere Informationen? Kontaktformular oder Florian Schachner<\/p>\n","protected":false},"author":1,"featured_media":0,"parent":81,"menu_order":3,"comment_status":"closed","ping_status":"closed","template":"","meta":{"footnotes":""},"_links":{"self":[{"href":"https:\/\/www.stadtkapelle-oettingen.de\/index.php?rest_route=\/wp\/v2\/pages\/85"}],"collection":[{"href":"https:\/\/www.stadtkapelle-oettingen.de\/index.php?rest_route=\/wp\/v2\/pages"}],"about":[{"href":"https:\/\/www.stadtkapelle-oettingen.de\/index.php?rest_route=\/wp\/v2\/types\/page"}],"author":[{"embeddable":true,"href":"https:\/\/www.stadtkapelle-oettingen.de\/index.php?rest_route=\/wp\/v2\/users\/1"}],"replies":[{"embeddable":true,"href":"https:\/\/www.stadtkapelle-oettingen.de\/index.php?rest_route=%2Fwp%2Fv2%2Fcomments&post=85"}],"version-history":[{"count":6,"href":"https:\/\/www.stadtkapelle-oettingen.de\/index.php?rest_route=\/wp\/v2\/pages\/85\/revisions"}],"predecessor-version":[{"id":1523,"href":"https:\/\/www.stadtkapelle-oettingen.de\/index.php?rest_route=\/wp\/v2\/pages\/85\/revisions\/1523"}],"up":[{"embeddable":true,"href":"https:\/\/www.stadtkapelle-oettingen.de\/index.php?rest_route=\/wp\/v2\/pages\/81"}],"wp:attachment":[{"href":"https:\/\/www.stadtkapelle-oettingen.de\/index.php?rest_route=%2Fwp%2Fv2%2Fmedia&parent=85"}],"curies":[{"name":"wp","href":"https:\/\/api.w.org\/{rel}","templated":true}]}}